{"id":403,"date":"2019-05-30T15:17:42","date_gmt":"2019-05-30T15:17:42","guid":{"rendered":"https:\/\/icami.mx\/landing\/?page_id=403"},"modified":"2023-05-26T15:08:42","modified_gmt":"2023-05-26T15:08:42","slug":"nacional","status":"publish","type":"page","link":"https:\/\/icami.mx\/landing\/nacional\/","title":{"rendered":"Nacional"},"content":{"rendered":"\n<div class=\"wp-block-zd-columns row align-items-center\">\n<div class=\"wp-block-zd-column col-lg-12 mb-4\">\n\t\t\t<!-- START Nacional REVOLUTION SLIDER 6.5.9 --><p class=\"rs-p-wp-fix\"><\/p>\n\t\t\t<rs-module-wrap id=\"rev_slider_1_1_wrapper\" data-source=\"gallery\" style=\"visibility:hidden;background:transparent;padding:0;margin:0px auto;margin-top:0;margin-bottom:0;max-width:;\">\n\t\t\t\t<rs-module id=\"rev_slider_1_1\" class=\" rs-ov-hidden\" style=\"\" data-version=\"6.5.9\">\n\t\t\t\t\t<rs-slides>\n\t\t\t\t\t\t<rs-slide style=\"position: absolute;\" data-key=\"rs-19\" data-title=\"Slide\" data-in=\"o:0;\" data-out=\"a:false;\">\n\t\t\t\t\t\t\t<img decoding=\"async\" src=\"\/\/icami.mx\/landing\/wp-content\/plugins\/revslider\/public\/assets\/assets\/dummy.png\" alt=\"Slide\" title=\"Nacional\" class=\"rev-slidebg tp-rs-img rs-lazyload\" data-lazyload=\"\/\/icami.mx\/landing\/wp-content\/plugins\/revslider\/public\/assets\/assets\/transparent.png\" data-bg=\"c:#000000;\" data-no-retina\/>\n<!--\n\t\t\t\t\t\t\t--><rs-layer\n\t\t\t\t\t\t\t\tid=\"slider-1-slide-19-layer-0\" \n\t\t\t\t\t\t\t\tdata-type=\"image\"\n\t\t\t\t\t\t\t\tdata-rsp_ch=\"on\"\n\t\t\t\t\t\t\t\tdata-xy=\"x:c;xo:0,107px,275px,136px;y:m;yo:0,20px,-334px,-273px;\"\n\t\t\t\t\t\t\t\tdata-text=\"w:normal;s:20,14,10,6;l:0,17,13,8;\"\n\t\t\t\t\t\t\t\tdata-dim=\"w:1438px,1217px,1327px,1105px;h:580px,491px,535px,446px;\"\n\t\t\t\t\t\t\t\tdata-frame_999=\"o:0;st:w;sR:8700;\"\n\t\t\t\t\t\t\t\tstyle=\"z-index:5;\"><img loading=\"lazy\" decoding=\"async\" src=\"\/\/icami.mx\/landing\/wp-content\/plugins\/revslider\/public\/assets\/assets\/dummy.png\" class=\"tp-rs-img rs-lazyload\" width=\"560\" height=\"226\" data-lazyload=\"\/\/icami.mx\/landing\/wp-content\/uploads\/2023\/01\/psm-naciona-img-3.png\" data-no-retina\/> \n\t\t\t\t\t\t\t<\/rs-layer><!--\n\n\t\t\t\t\t\t\t--><rs-layer\n\t\t\t\t\t\t\t\tid=\"slider-1-slide-19-layer-2\" \n\t\t\t\t\t\t\t\tdata-type=\"image\"\n\t\t\t\t\t\t\t\tdata-rsp_ch=\"on\"\n\t\t\t\t\t\t\t\tdata-xy=\"xo:0,-121px,-608px,-616px;yo:-2px,2px,204px,3px;\"\n\t\t\t\t\t\t\t\tdata-text=\"w:normal;s:20,14,10,6;l:0,17,13,8;\"\n\t\t\t\t\t\t\t\tdata-dim=\"w:100%,1116px,1376px,1098px;h:100%,100%,555px,443px;\"\n\t\t\t\t\t\t\t\tdata-frame_0=\"x:50,35,27,16;\"\n\t\t\t\t\t\t\t\tdata-frame_1=\"st:410;sp:1000;sR:410;\"\n\t\t\t\t\t\t\t\tdata-frame_999=\"o:0;st:w;sR:7590;\"\n\t\t\t\t\t\t\t\tstyle=\"z-index:6;\"><img loading=\"lazy\" decoding=\"async\" src=\"\/\/icami.mx\/landing\/wp-content\/plugins\/revslider\/public\/assets\/assets\/dummy.png\" class=\"tp-rs-img rs-lazyload\" width=\"560\" height=\"226\" data-lazyload=\"\/\/icami.mx\/landing\/wp-content\/uploads\/2023\/01\/psm-naciona-img-2.png\" data-no-retina\/> \n\t\t\t\t\t\t\t<\/rs-layer><!--\n\n\t\t\t\t\t\t\t--><rs-layer\n\t\t\t\t\t\t\t\tid=\"slider-1-slide-19-layer-6\" \n\t\t\t\t\t\t\t\tdata-type=\"image\"\n\t\t\t\t\t\t\t\tdata-rsp_ch=\"on\"\n\t\t\t\t\t\t\t\tdata-xy=\"xo:18px,6px,66px,14px;yo:55px,77px,765px,553px;\"\n\t\t\t\t\t\t\t\tdata-text=\"w:normal;s:20,14,10,6;l:0,17,13,8;\"\n\t\t\t\t\t\t\t\tdata-dim=\"w:1140px,807px,965px,717px;h:460px,325px,389px,289px;\"\n\t\t\t\t\t\t\t\tdata-frame_0=\"sX:0.9;sY:0.9;\"\n\t\t\t\t\t\t\t\tdata-frame_1=\"st:1410;sp:1000;sR:1410;\"\n\t\t\t\t\t\t\t\tdata-frame_999=\"o:0;st:w;sR:6590;\"\n\t\t\t\t\t\t\t\tstyle=\"z-index:7;\"><img loading=\"lazy\" decoding=\"async\" src=\"\/\/icami.mx\/landing\/wp-content\/plugins\/revslider\/public\/assets\/assets\/dummy.png\" class=\"tp-rs-img rs-lazyload\" width=\"560\" height=\"226\" data-lazyload=\"\/\/icami.mx\/landing\/wp-content\/uploads\/2023\/01\/psm-naciona-img-1.png\" data-no-retina\/> \n\t\t\t\t\t\t\t<\/rs-layer><!--\n-->\t\t\t\t\t\t<\/rs-slide>\n\t\t\t\t\t\t<rs-slide style=\"position: absolute;\" data-key=\"rs-20\" data-title=\"Slide\" data-in=\"o:0;\" data-out=\"a:false;\">\n\t\t\t\t\t\t\t<img decoding=\"async\" src=\"\/\/icami.mx\/landing\/wp-content\/plugins\/revslider\/public\/assets\/assets\/dummy.png\" alt=\"Slide\" title=\"Nacional\" class=\"rev-slidebg tp-rs-img rs-lazyload\" data-lazyload=\"\/\/icami.mx\/landing\/wp-content\/plugins\/revslider\/public\/assets\/assets\/transparent.png\" data-bg=\"c:#000000;\" data-no-retina\/>\n<!--\n\t\t\t\t\t\t\t--><rs-layer\n\t\t\t\t\t\t\t\tid=\"slider-1-slide-20-layer-0\" \n\t\t\t\t\t\t\t\tdata-type=\"image\"\n\t\t\t\t\t\t\t\tdata-rsp_ch=\"on\"\n\t\t\t\t\t\t\t\tdata-xy=\"x:c;xo:0,107px,275px,136px;y:m;yo:0,20px,-334px,-273px;\"\n\t\t\t\t\t\t\t\tdata-text=\"w:normal;s:20,14,10,6;l:0,17,13,8;\"\n\t\t\t\t\t\t\t\tdata-dim=\"w:1438px,1217px,1327px,1105px;h:580px,491px,535px,446px;\"\n\t\t\t\t\t\t\t\tdata-frame_1=\"x:-1px,0px,0px,0px;y:1px,0px,0px,0px;\"\n\t\t\t\t\t\t\t\tdata-frame_999=\"o:0;st:w;sR:8700;\"\n\t\t\t\t\t\t\t\tstyle=\"z-index:5;\"><img loading=\"lazy\" decoding=\"async\" src=\"\/\/icami.mx\/landing\/wp-content\/plugins\/revslider\/public\/assets\/assets\/dummy.png\" class=\"tp-rs-img rs-lazyload\" width=\"560\" height=\"226\" data-lazyload=\"\/\/icami.mx\/landing\/wp-content\/uploads\/2023\/01\/psl-naciona-img-1.png\" data-no-retina\/> \n\t\t\t\t\t\t\t<\/rs-layer><!--\n\n\t\t\t\t\t\t\t--><rs-layer\n\t\t\t\t\t\t\t\tid=\"slider-1-slide-20-layer-2\" \n\t\t\t\t\t\t\t\tdata-type=\"image\"\n\t\t\t\t\t\t\t\tdata-rsp_ch=\"on\"\n\t\t\t\t\t\t\t\tdata-xy=\"xo:-2px,-121px,-608px,-616px;yo:-2px,2px,204px,3px;\"\n\t\t\t\t\t\t\t\tdata-text=\"w:normal;s:20,14,10,6;l:0,17,13,8;\"\n\t\t\t\t\t\t\t\tdata-dim=\"w:100%,1116px,1376px,1098px;h:auto,auto,555px,443px;\"\n\t\t\t\t\t\t\t\tdata-frame_0=\"x:50,35,27,16;\"\n\t\t\t\t\t\t\t\tdata-frame_1=\"st:410;sp:1000;sR:410;\"\n\t\t\t\t\t\t\t\tdata-frame_999=\"o:0;st:w;sR:7590;\"\n\t\t\t\t\t\t\t\tstyle=\"z-index:6;\"><img loading=\"lazy\" decoding=\"async\" src=\"\/\/icami.mx\/landing\/wp-content\/plugins\/revslider\/public\/assets\/assets\/dummy.png\" class=\"tp-rs-img rs-lazyload\" width=\"560\" height=\"226\" data-lazyload=\"\/\/icami.mx\/landing\/wp-content\/uploads\/2023\/01\/psl-naciona-img-3.png\" data-no-retina\/> \n\t\t\t\t\t\t\t<\/rs-layer><!--\n\n\t\t\t\t\t\t\t--><rs-layer\n\t\t\t\t\t\t\t\tid=\"slider-1-slide-20-layer-6\" \n\t\t\t\t\t\t\t\tdata-type=\"image\"\n\t\t\t\t\t\t\t\tdata-rsp_ch=\"on\"\n\t\t\t\t\t\t\t\tdata-xy=\"xo:2px,14px,66px,14px;yo:58px,77px,765px,553px;\"\n\t\t\t\t\t\t\t\tdata-text=\"w:normal;s:20,14,10,6;l:0,17,13,8;\"\n\t\t\t\t\t\t\t\tdata-dim=\"w:1140px,807px,965px,717px;h:460px,325px,389px,289px;\"\n\t\t\t\t\t\t\t\tdata-frame_0=\"sX:0.9;sY:0.9;\"\n\t\t\t\t\t\t\t\tdata-frame_1=\"st:1410;sp:1000;sR:1410;\"\n\t\t\t\t\t\t\t\tdata-frame_999=\"o:0;st:w;sR:6590;\"\n\t\t\t\t\t\t\t\tstyle=\"z-index:7;\"><img loading=\"lazy\" decoding=\"async\" src=\"\/\/icami.mx\/landing\/wp-content\/plugins\/revslider\/public\/assets\/assets\/dummy.png\" class=\"tp-rs-img rs-lazyload\" width=\"560\" height=\"226\" data-lazyload=\"\/\/icami.mx\/landing\/wp-content\/uploads\/2023\/01\/psl-naciona-img-2.png\" data-no-retina\/> \n\t\t\t\t\t\t\t<\/rs-layer><!--\n-->\t\t\t\t\t\t<\/rs-slide>\n\t\t\t\t\t\t<rs-slide style=\"position: absolute;\" data-key=\"rs-21\" data-title=\"Slide\" data-in=\"o:0;\" data-out=\"a:false;\">\n\t\t\t\t\t\t\t<img decoding=\"async\" src=\"\/\/icami.mx\/landing\/wp-content\/plugins\/revslider\/public\/assets\/assets\/dummy.png\" alt=\"Slide\" title=\"Nacional\" class=\"rev-slidebg tp-rs-img rs-lazyload\" data-lazyload=\"\/\/icami.mx\/landing\/wp-content\/plugins\/revslider\/public\/assets\/assets\/transparent.png\" data-bg=\"c:#000000;\" data-no-retina\/>\n<!--\n\t\t\t\t\t\t\t--><rs-layer\n\t\t\t\t\t\t\t\tid=\"slider-1-slide-21-layer-0\" \n\t\t\t\t\t\t\t\tdata-type=\"image\"\n\t\t\t\t\t\t\t\tdata-rsp_ch=\"on\"\n\t\t\t\t\t\t\t\tdata-xy=\"x:c;xo:0,107px,275px,136px;y:m;yo:0,20px,-334px,-273px;\"\n\t\t\t\t\t\t\t\tdata-text=\"w:normal;s:20,14,10,6;l:0,17,13,8;\"\n\t\t\t\t\t\t\t\tdata-dim=\"w:1438px,1217px,1327px,1105px;h:580px,491px,535px,446px;\"\n\t\t\t\t\t\t\t\tdata-frame_1=\"x:-1px,0px,0px,0px;y:1px,0px,0px,0px;\"\n\t\t\t\t\t\t\t\tdata-frame_999=\"o:0;st:w;sR:8700;\"\n\t\t\t\t\t\t\t\tstyle=\"z-index:8;\"><img loading=\"lazy\" decoding=\"async\" src=\"\/\/icami.mx\/landing\/wp-content\/plugins\/revslider\/public\/assets\/assets\/dummy.png\" class=\"tp-rs-img rs-lazyload\" width=\"560\" height=\"226\" data-lazyload=\"\/\/icami.mx\/landing\/wp-content\/uploads\/2023\/01\/1_ODT_Slides_PSS_1140x460-min.png\" data-no-retina\/> \n\t\t\t\t\t\t\t<\/rs-layer><!--\n\n\t\t\t\t\t\t\t--><rs-layer\n\t\t\t\t\t\t\t\tid=\"slider-1-slide-21-layer-2\" \n\t\t\t\t\t\t\t\tdata-type=\"image\"\n\t\t\t\t\t\t\t\tdata-rsp_ch=\"on\"\n\t\t\t\t\t\t\t\tdata-xy=\"xo:-2px,-121px,-608px,-616px;yo:-2px,2px,204px,3px;\"\n\t\t\t\t\t\t\t\tdata-text=\"w:normal;s:20,14,10,6;l:0,17,13,8;\"\n\t\t\t\t\t\t\t\tdata-dim=\"w:100%,1116px,1376px,1098px;h:auto,auto,555px,443px;\"\n\t\t\t\t\t\t\t\tdata-frame_0=\"x:50,35,27,16;\"\n\t\t\t\t\t\t\t\tdata-frame_1=\"st:410;sp:1000;sR:410;\"\n\t\t\t\t\t\t\t\tdata-frame_999=\"o:0;st:w;sR:7590;\"\n\t\t\t\t\t\t\t\tstyle=\"z-index:9;\"><img loading=\"lazy\" decoding=\"async\" src=\"\/\/icami.mx\/landing\/wp-content\/plugins\/revslider\/public\/assets\/assets\/dummy.png\" class=\"tp-rs-img rs-lazyload\" width=\"560\" height=\"226\" data-lazyload=\"\/\/icami.mx\/landing\/wp-content\/uploads\/2023\/01\/2_ODT_Slides_PSS_1140x460-min.png\" data-no-retina\/> \n\t\t\t\t\t\t\t<\/rs-layer><!--\n\n\t\t\t\t\t\t\t--><rs-layer\n\t\t\t\t\t\t\t\tid=\"slider-1-slide-21-layer-6\" \n\t\t\t\t\t\t\t\tdata-type=\"image\"\n\t\t\t\t\t\t\t\tdata-rsp_ch=\"on\"\n\t\t\t\t\t\t\t\tdata-xy=\"xo:1px,14px,66px,14px;yo:58px,77px,765px,553px;\"\n\t\t\t\t\t\t\t\tdata-text=\"w:normal;s:20,14,10,6;l:0,17,13,8;\"\n\t\t\t\t\t\t\t\tdata-dim=\"w:1140px,807px,965px,717px;h:460px,325px,389px,289px;\"\n\t\t\t\t\t\t\t\tdata-frame_0=\"sX:0.9;sY:0.9;\"\n\t\t\t\t\t\t\t\tdata-frame_1=\"st:1410;sp:1000;sR:1410;\"\n\t\t\t\t\t\t\t\tdata-frame_999=\"o:0;st:w;sR:6590;\"\n\t\t\t\t\t\t\t\tstyle=\"z-index:10;\"><img loading=\"lazy\" decoding=\"async\" src=\"\/\/icami.mx\/landing\/wp-content\/plugins\/revslider\/public\/assets\/assets\/dummy.png\" class=\"tp-rs-img rs-lazyload\" width=\"560\" height=\"226\" data-lazyload=\"\/\/icami.mx\/landing\/wp-content\/uploads\/2023\/01\/3_ODT_Slides_PSS_1140x460-min.png\" data-no-retina\/> \n\t\t\t\t\t\t\t<\/rs-layer><!--\n-->\t\t\t\t\t\t<\/rs-slide>\n\t\t\t\t\t\t<rs-slide style=\"position: absolute;\" data-key=\"rs-10\" data-title=\"CONTINUUM\" data-anim=\"ms:600;\" data-in=\"o:0;\" data-out=\"a:false;\">\n\t\t\t\t\t\t\t<img decoding=\"async\" src=\"\/\/icami.mx\/landing\/wp-content\/plugins\/revslider\/public\/assets\/assets\/dummy.png\" alt=\"CONTINUUM\" title=\"Nacional\" class=\"rev-slidebg tp-rs-img rs-lazyload\" data-lazyload=\"\/\/icami.mx\/landing\/wp-content\/plugins\/revslider\/public\/assets\/assets\/transparent.png\" data-no-retina\/>\n<!--\n\t\t\t\t\t\t\t--><rs-layer\n\t\t\t\t\t\t\t\tid=\"slider-1-slide-10-layer-9\" \n\t\t\t\t\t\t\t\tdata-type=\"image\"\n\t\t\t\t\t\t\t\tdata-rsp_ch=\"on\"\n\t\t\t\t\t\t\t\tdata-xy=\"xo:-2px,1px,1px,3px;yo:0,0,-75px,-1px;\"\n\t\t\t\t\t\t\t\tdata-text=\"l:22;a:inherit;\"\n\t\t\t\t\t\t\t\tdata-dim=\"w:723px,560px,763px,479px;h:580px,449px,612px,384px;\"\n\t\t\t\t\t\t\t\tdata-frame_0=\"x:-100%;o:1;tp:600;\"\n\t\t\t\t\t\t\t\tdata-frame_0_mask=\"u:t;\"\n\t\t\t\t\t\t\t\tdata-frame_1=\"tp:600;st:0;sp:1500;\"\n\t\t\t\t\t\t\t\tdata-frame_1_mask=\"u:t;\"\n\t\t\t\t\t\t\t\tdata-frame_999=\"st:w;sp:600;sR:7500;auto:true;\"\n\t\t\t\t\t\t\t\tdata-frame_999_mask=\"u:t;\"\n\t\t\t\t\t\t\t\tstyle=\"z-index:5;\"><img loading=\"lazy\" decoding=\"async\" src=\"\/\/icami.mx\/landing\/wp-content\/plugins\/revslider\/public\/assets\/assets\/dummy.png\" class=\"tp-rs-img rs-lazyload\" width=\"560\" height=\"449\" data-lazyload=\"\/\/icami.mx\/landing\/wp-content\/uploads\/2019\/12\/continuum-left-min.jpg\" data-no-retina\/> \n\t\t\t\t\t\t\t<\/rs-layer><!--\n\n\t\t\t\t\t\t\t--><rs-layer\n\t\t\t\t\t\t\t\tid=\"slider-1-slide-10-layer-10\" \n\t\t\t\t\t\t\t\tdata-type=\"image\"\n\t\t\t\t\t\t\t\tdata-rsp_ch=\"on\"\n\t\t\t\t\t\t\t\tdata-xy=\"x:r;xo:0,-91px,4px,-124px;y:b;yo:0,0,5px,6px;\"\n\t\t\t\t\t\t\t\tdata-text=\"l:22;a:inherit;\"\n\t\t\t\t\t\t\t\tdata-dim=\"w:672px,521px,759px,695px;h:580px,450px,655px,600px;\"\n\t\t\t\t\t\t\t\tdata-frame_0=\"x:-100%;o:1;tp:600;\"\n\t\t\t\t\t\t\t\tdata-frame_0_mask=\"u:t;\"\n\t\t\t\t\t\t\t\tdata-frame_1=\"tp:600;st:1520;sp:1500;sR:1520;\"\n\t\t\t\t\t\t\t\tdata-frame_1_mask=\"u:t;\"\n\t\t\t\t\t\t\t\tdata-frame_999=\"st:w;sp:600;sR:5980;auto:true;\"\n\t\t\t\t\t\t\t\tdata-frame_999_mask=\"u:t;\"\n\t\t\t\t\t\t\t\tstyle=\"z-index:6;\"><img loading=\"lazy\" decoding=\"async\" src=\"\/\/icami.mx\/landing\/wp-content\/plugins\/revslider\/public\/assets\/assets\/dummy.png\" class=\"tp-rs-img rs-lazyload\" width=\"560\" height=\"482\" data-lazyload=\"\/\/icami.mx\/landing\/wp-content\/uploads\/2019\/12\/continuum-right-min.jpg\" data-no-retina\/> \n\t\t\t\t\t\t\t<\/rs-layer><!--\n-->\t\t\t\t\t\t<\/rs-slide>\n\t\t\t\t\t<\/rs-slides>\n\t\t\t\t<\/rs-module>\n\t\t\t\t<script type=\"text\/javascript\">\n\t\t\t\t\tsetREVStartSize({c: 'rev_slider_1_1',rl:[1240,1024,778,480],el:[580,450,1200,1000],gw:[1400,992,768,480],gh:[580,450,1200,1000],type:'standard',justify:'',layout:'fullwidth',mh:\"0\"});if (window.RS_MODULES!==undefined && window.RS_MODULES.modules!==undefined && window.RS_MODULES.modules[\"revslider11\"]!==undefined) {window.RS_MODULES.modules[\"revslider11\"].once = false;window.revapi1 = undefined;if (window.RS_MODULES.checkMinimal!==undefined) window.RS_MODULES.checkMinimal()}\n\t\t\t\t<\/script>\n\t\t\t<\/rs-module-wrap>\n\t\t\t<!-- END REVOLUTION SLIDER -->\n\n<\/div>\n\n\n\n<div class=\"wp-block-zd-column col-lg text-lg-center my-2\">\n<div class=\"wp-block-buttons mb-4 is-layout-flex wp-block-buttons-is-layout-flex\">\n<div class=\"wp-block-button is-style-fill\"><a class=\"wp-block-button__link\" href=\"https:\/\/api.whatsapp.com\/send\/?phone=5215570479494&amp;text&amp;type=phone_number&amp;app_absent=0\" target=\"_blank\" rel=\"noreferrer noopener\"><img loading=\"lazy\" decoding=\"async\" width=\"34\" height=\"34\" class=\"wp-image-1040\" style=\"width: 34px;\" src=\"https:\/\/icami.mx\/landing\/wp-content\/uploads\/2021\/08\/logo-whatsapp.png\" alt=\"\" srcset=\"https:\/\/icami.mx\/landing\/wp-content\/uploads\/2021\/08\/logo-whatsapp.png 300w, https:\/\/icami.mx\/landing\/wp-content\/uploads\/2021\/08\/logo-whatsapp-150x150.png 150w\" sizes=\"auto, (max-width: 34px) 100vw, 34px\" \/> Cont\u00e1ctanos por Whatsapp<\/a><\/div>\n<\/div>\n\n\n\n<h2 class=\"wp-block-heading\">\u00a1S\u00edguenos!<\/h2>\n\n\n\n<hr class=\"small-highlight-center\"\/>\n\n\n<div class=\"wrapper-social-media  social-media-circle\"><a target=\"_blank\" title=\"Facebook\" href=\"https:\/\/www.facebook.com\/ICAMINacional\"><i class=\"fab fa-facebook-f\"><\/i><\/a><a target=\"_blank\" title=\"Instagram\" href=\"https:\/\/www.instagram.com\/icaminacional\/\"><i class=\"fab fa-instagram\"><\/i><\/a><a target=\"_blank\" title=\"Twitter\" href=\"https:\/\/twitter.com\/DesdeICAMI\"><i class=\"fab fa-twitter\"><\/i><\/a><a target=\"_blank\" title=\"Youtube\" href=\"https:\/\/www.youtube.com\/user\/ICAMINacional\"><i class=\"fab fa-youtube\"><\/i><\/a><a target=\"_blank\" title=\"Linkedin\" href=\"https:\/\/es.linkedin.com\/company\/icami\"><i class=\"fab fa-linkedin-in\"><\/i><\/a><\/div>\n\n\n\n<div class=\"wp-block-buttons is-layout-flex wp-block-buttons-is-layout-flex\">\n<div class=\"wp-block-button mt-2\"><a class=\"wp-block-button__link has-white-color has-text-color has-background\" href=\"https:\/\/icami.mx\/tienda\/\" style=\"background-color:#b1002f\" target=\"_blank\" rel=\"noopener noreferrer\">\u00a1Conoce nuestra NUEVA oferta online!<\/a><\/div>\n<\/div>\n<\/div>\n\n\n\n<div class=\"wp-block-zd-column col-lg\">\n<h3 class=\"wp-block-heading\">Obt\u00e9n m\u00e1s informaci\u00f3n<\/h3>\n\n\n<div class=\"wrapper-zdform wrapper-zdform-1565\"><form id=\"form-1565\" class=\"zdform zdform-1565 ajax-form validate-form\" data-form-id=\"1565\" action=\"\/landing\/wp-json\/wp\/v2\/pages\/403#form-1565\" method=\"post\" enctype=\"multipart\/form-data\"><input type=\"hidden\" name=\"nonce\" value=\"8143fdf709\" \/><input type=\"hidden\" name=\"id\" value=\"1565\" \/><!-- Go Info Post --><input type=\"hidden\" name=\"post_id\" value=\"403\" \/><input type=\"hidden\" name=\"post_name\" value=\"Nacional\" \/><input type=\"hidden\" name=\"post_url\" value=\"https:\/\/icami.mx\/landing\/nacional\/\" \/><!-- End Info Post -->\r\n\r\n<div class=\"form-group \"><input type=\"text\" name=\"full_name\" class=\"form-control\" value=\"\"  placeholder=\"Nombre Completo *\" required \/><\/div>\r\n\r\n<div class=\"form-row\">\r\n<div class=\"form-group col-lg-6\"><select name=\"state\"  class=\"custom-select form-control\"  placeholder=\"Estado *\" required><option value=\"\">Estado<\/option><option value=\"Aguascalientes\">Aguascalientes<\/option><option value=\"Baja California\">Baja California<\/option><option value=\"Baja California Sur\">Baja California Sur<\/option><option value=\"Campeche\">Campeche<\/option><option value=\"Chiapas\">Chiapas<\/option><option value=\"Chihuahua\">Chihuahua<\/option><option value=\"Coahuila\">Coahuila<\/option><option value=\"Colima\">Colima<\/option><option value=\"Ciudad de M\u00e9xico \/ CDMX\">Ciudad de M\u00e9xico \/ CDMX<\/option><option value=\"Durango\">Durango<\/option><option value=\"Estado de M\u00e9xico\">Estado de M\u00e9xico<\/option><option value=\"Guanajuato\">Guanajuato<\/option><option value=\"Guerrero\">Guerrero<\/option><option value=\"Hidalgo\">Hidalgo<\/option><option value=\"Jalisco\">Jalisco<\/option><option value=\"Michoac\u00e1n\">Michoac\u00e1n<\/option><option value=\"Morelos\">Morelos<\/option><option value=\"Nayarit\">Nayarit<\/option><option value=\"Nuevo Le\u00f3n\">Nuevo Le\u00f3n<\/option><option value=\"Oaxaca\">Oaxaca<\/option><option value=\"Quer\u00e9taro\">Quer\u00e9taro<\/option><option value=\"Quintana Roo\">Quintana Roo<\/option><option value=\"San Luis Potos\u00ed\">San Luis Potos\u00ed<\/option><option value=\"Sinaloa\">Sinaloa<\/option><option value=\"Sonora\">Sonora<\/option><option value=\"Tabasco\">Tabasco<\/option><option value=\"Tamaulipas\">Tamaulipas<\/option><option value=\"Tlaxcala\">Tlaxcala<\/option><option value=\"Veracruz\">Veracruz<\/option><option value=\"Yucat\u00e1n\">Yucat\u00e1n<\/option><option value=\"Zacatecas\">Zacatecas<\/option><\/select><\/div>\r\n<div class=\"form-group col-lg-6\"><input type=\"email\" name=\"email\" class=\"form-control\" value=\"\"  placeholder=\"Correo Electr\u00f3nico *\" required \/><\/div>\r\n<\/div>\r\n\r\n<div class=\"form-row\">\r\n<div class=\"form-group col-lg-6\"><input type=\"text\" name=\"phone\" class=\"form-control\" value=\"\"  placeholder=\"Tel\u00e9fono *\" required \/><\/div>\r\n<div class=\"form-group col-lg-6\"><input type=\"text\" name=\"cellphone\" class=\"form-control\" value=\"\"  placeholder=\"Celular\" \/><\/div>\r\n<\/div>\r\n\r\n<div class=\"form-row\">\r\n<div class=\"form-group col-lg-6\"><input type=\"text\" name=\"company\" class=\"form-control\" value=\"\"  placeholder=\"Empresa\" \/><\/div>\r\n<div class=\"form-group col-lg-6\"><input type=\"text\" name=\"position\" class=\"form-control\" value=\"\"  placeholder=\"Cargo\" \/><\/div>\r\n<\/div>\r\n\r\n<div class=\"form-row\">\r\n<div class=\"form-group col-lg-12\"><label for=\"how_did_you_know\" class=\"col-form-label form-label-title\">\u00bfC\u00f3mo se enter\u00f3 de ICAMI?<\/label><select name=\"how_did_you_know\"  class=\"custom-select form-control\"><option value=\"Youtube\">Youtube<\/option><option value=\"Facebook\">Facebook<\/option><option value=\"Twitter\">Twitter<\/option><option value=\"Linkedin\">Linkedin<\/option><option value=\"Mailing\">Mailing<\/option><option value=\"Internet(buscadores Google, Yahoo, etc.)\">Internet(buscadores Google, Yahoo, etc.)<\/option><\/select><\/div>\r\n<\/div>\r\n\r\n<div class=\"form-row\">\r\n<div class=\"form-group col-lg-6 pl-3\"><div class=\"custom-control custom-checkbox\"><input type=\"checkbox\" name=\"00N01000000X1aq\" id=\"checkbox-00N01000000X1aq\" class=\"custom-control-input\" value=\"1\"  required\/><label class=\"custom-control-label\" for=\"checkbox-00N01000000X1aq\"><a href=\"http:\/\/icami.mx\/politica-de-privacidad\/\" target=\"_blank\">Acepto t\u00e9rminos de privacidad<\/a><\/label><\/div><label for=\"00N01000000X1aq\" class=\"error\"><\/label><\/div>\r\n<\/div>\r\n\r\n<div class=\"form-row\">\r\n<div class=\" col-lg-4 submit-wrapper\"><button type=\"submit\" id=\"submit-1565\" class=\"btn btn-primary btn-block mt-2 btn-submit\">Enviar<\/button><\/div>\r\n<\/div><\/form><div id=\"form-progress-message-1565\" class=\"form-progress\"><\/div><\/div>\n<\/div>\n<\/div>\n","protected":false},"excerpt":{"rendered":"","protected":false},"author":1,"featured_media":0,"parent":0,"menu_order":0,"comment_status":"closed","ping_status":"closed","template":"","meta":{"_joinchat":[],"footnotes":""},"class_list":["post-403","page","type-page","status-publish","hentry"],"yoast_head":"<!-- This site is optimized with the Yoast SEO plugin v26.8 - https:\/\/yoast.com\/product\/yoast-seo-wordpress\/ -->\n<title>Nacional - ICAMI<\/title>\n<meta name=\"robots\" content=\"index, follow, max-snippet:-1, max-image-preview:large, max-video-preview:-1\" \/>\n<link rel=\"canonical\" href=\"https:\/\/icami.mx\/landing\/nacional\/\" \/>\n<meta property=\"og:locale\" content=\"es_ES\" \/>\n<meta property=\"og:type\" content=\"article\" \/>\n<meta property=\"og:title\" content=\"Nacional - ICAMI\" \/>\n<meta property=\"og:url\" content=\"https:\/\/icami.mx\/landing\/nacional\/\" \/>\n<meta property=\"og:site_name\" content=\"ICAMI\" \/>\n<meta property=\"article:modified_time\" content=\"2023-05-26T15:08:42+00:00\" \/>\n<meta property=\"og:image\" content=\"https:\/\/icami.mx\/landing\/wp-content\/uploads\/2021\/08\/logo-whatsapp.png\" \/>\n<meta name=\"twitter:card\" content=\"summary_large_image\" \/>\n<script type=\"application\/ld+json\" class=\"yoast-schema-graph\">{\"@context\":\"https:\/\/schema.org\",\"@graph\":[{\"@type\":\"WebPage\",\"@id\":\"https:\/\/icami.mx\/landing\/nacional\/\",\"url\":\"https:\/\/icami.mx\/landing\/nacional\/\",\"name\":\"Nacional - ICAMI\",\"isPartOf\":{\"@id\":\"https:\/\/icami.mx\/landing\/#website\"},\"primaryImageOfPage\":{\"@id\":\"https:\/\/icami.mx\/landing\/nacional\/#primaryimage\"},\"image\":{\"@id\":\"https:\/\/icami.mx\/landing\/nacional\/#primaryimage\"},\"thumbnailUrl\":\"https:\/\/icami.mx\/landing\/wp-content\/uploads\/2021\/08\/logo-whatsapp.png\",\"datePublished\":\"2019-05-30T15:17:42+00:00\",\"dateModified\":\"2023-05-26T15:08:42+00:00\",\"breadcrumb\":{\"@id\":\"https:\/\/icami.mx\/landing\/nacional\/#breadcrumb\"},\"inLanguage\":\"es\",\"potentialAction\":[{\"@type\":\"ReadAction\",\"target\":[\"https:\/\/icami.mx\/landing\/nacional\/\"]}]},{\"@type\":\"ImageObject\",\"inLanguage\":\"es\",\"@id\":\"https:\/\/icami.mx\/landing\/nacional\/#primaryimage\",\"url\":\"https:\/\/icami.mx\/landing\/wp-content\/uploads\/2021\/08\/logo-whatsapp.png\",\"contentUrl\":\"https:\/\/icami.mx\/landing\/wp-content\/uploads\/2021\/08\/logo-whatsapp.png\",\"width\":300,\"height\":300},{\"@type\":\"BreadcrumbList\",\"@id\":\"https:\/\/icami.mx\/landing\/nacional\/#breadcrumb\",\"itemListElement\":[{\"@type\":\"ListItem\",\"position\":1,\"name\":\"Portada\",\"item\":\"https:\/\/icami.mx\/landing\/\"},{\"@type\":\"ListItem\",\"position\":2,\"name\":\"Nacional\"}]},{\"@type\":\"WebSite\",\"@id\":\"https:\/\/icami.mx\/landing\/#website\",\"url\":\"https:\/\/icami.mx\/landing\/\",\"name\":\"ICAMI\",\"description\":\"Landings de Regiones\",\"potentialAction\":[{\"@type\":\"SearchAction\",\"target\":{\"@type\":\"EntryPoint\",\"urlTemplate\":\"https:\/\/icami.mx\/landing\/?s={search_term_string}\"},\"query-input\":{\"@type\":\"PropertyValueSpecification\",\"valueRequired\":true,\"valueName\":\"search_term_string\"}}],\"inLanguage\":\"es\"}]}<\/script>\n<!-- \/ Yoast SEO plugin. -->","yoast_head_json":{"title":"Nacional - ICAMI","robots":{"index":"index","follow":"follow","max-snippet":"max-snippet:-1","max-image-preview":"max-image-preview:large","max-video-preview":"max-video-preview:-1"},"canonical":"https:\/\/icami.mx\/landing\/nacional\/","og_locale":"es_ES","og_type":"article","og_title":"Nacional - ICAMI","og_url":"https:\/\/icami.mx\/landing\/nacional\/","og_site_name":"ICAMI","article_modified_time":"2023-05-26T15:08:42+00:00","og_image":[{"url":"https:\/\/icami.mx\/landing\/wp-content\/uploads\/2021\/08\/logo-whatsapp.png","type":"","width":"","height":""}],"twitter_card":"summary_large_image","schema":{"@context":"https:\/\/schema.org","@graph":[{"@type":"WebPage","@id":"https:\/\/icami.mx\/landing\/nacional\/","url":"https:\/\/icami.mx\/landing\/nacional\/","name":"Nacional - ICAMI","isPartOf":{"@id":"https:\/\/icami.mx\/landing\/#website"},"primaryImageOfPage":{"@id":"https:\/\/icami.mx\/landing\/nacional\/#primaryimage"},"image":{"@id":"https:\/\/icami.mx\/landing\/nacional\/#primaryimage"},"thumbnailUrl":"https:\/\/icami.mx\/landing\/wp-content\/uploads\/2021\/08\/logo-whatsapp.png","datePublished":"2019-05-30T15:17:42+00:00","dateModified":"2023-05-26T15:08:42+00:00","breadcrumb":{"@id":"https:\/\/icami.mx\/landing\/nacional\/#breadcrumb"},"inLanguage":"es","potentialAction":[{"@type":"ReadAction","target":["https:\/\/icami.mx\/landing\/nacional\/"]}]},{"@type":"ImageObject","inLanguage":"es","@id":"https:\/\/icami.mx\/landing\/nacional\/#primaryimage","url":"https:\/\/icami.mx\/landing\/wp-content\/uploads\/2021\/08\/logo-whatsapp.png","contentUrl":"https:\/\/icami.mx\/landing\/wp-content\/uploads\/2021\/08\/logo-whatsapp.png","width":300,"height":300},{"@type":"BreadcrumbList","@id":"https:\/\/icami.mx\/landing\/nacional\/#breadcrumb","itemListElement":[{"@type":"ListItem","position":1,"name":"Portada","item":"https:\/\/icami.mx\/landing\/"},{"@type":"ListItem","position":2,"name":"Nacional"}]},{"@type":"WebSite","@id":"https:\/\/icami.mx\/landing\/#website","url":"https:\/\/icami.mx\/landing\/","name":"ICAMI","description":"Landings de Regiones","potentialAction":[{"@type":"SearchAction","target":{"@type":"EntryPoint","urlTemplate":"https:\/\/icami.mx\/landing\/?s={search_term_string}"},"query-input":{"@type":"PropertyValueSpecification","valueRequired":true,"valueName":"search_term_string"}}],"inLanguage":"es"}]}},"_links":{"self":[{"href":"https:\/\/icami.mx\/landing\/wp-json\/wp\/v2\/pages\/403","targetHints":{"allow":["GET"]}}],"collection":[{"href":"https:\/\/icami.mx\/landing\/wp-json\/wp\/v2\/pages"}],"about":[{"href":"https:\/\/icami.mx\/landing\/wp-json\/wp\/v2\/types\/page"}],"author":[{"embeddable":true,"href":"https:\/\/icami.mx\/landing\/wp-json\/wp\/v2\/users\/1"}],"replies":[{"embeddable":true,"href":"https:\/\/icami.mx\/landing\/wp-json\/wp\/v2\/comments?post=403"}],"version-history":[{"count":31,"href":"https:\/\/icami.mx\/landing\/wp-json\/wp\/v2\/pages\/403\/revisions"}],"predecessor-version":[{"id":2028,"href":"https:\/\/icami.mx\/landing\/wp-json\/wp\/v2\/pages\/403\/revisions\/2028"}],"wp:attachment":[{"href":"https:\/\/icami.mx\/landing\/wp-json\/wp\/v2\/media?parent=403"}],"curies":[{"name":"wp","href":"https:\/\/api.w.org\/{rel}","templated":true}]}}