{"id":535,"date":"2019-12-03T18:05:36","date_gmt":"2019-12-03T18:05:36","guid":{"rendered":"https:\/\/icami.mx\/landing\/?page_id=535"},"modified":"2025-01-13T20:10:38","modified_gmt":"2025-01-14T02:10:38","slug":"continuum","status":"publish","type":"page","link":"https:\/\/icami.mx\/landing\/continuum\/","title":{"rendered":"Continuum"},"content":{"rendered":"\n<div class=\"wp-block-group alignwide\"><div class=\"wp-block-group__inner-container is-layout-constrained wp-block-group-is-layout-constrained\">\n<div class=\"wp-block-themepunch-revslider revslider\" data-modal=\"false\" data-slidertitle=\"Continuum\" style=\"\">\n\t\t\t<!-- START Continuum REVOLUTION SLIDER 6.5.9 --><p class=\"rs-p-wp-fix\"><\/p>\n\t\t\t<rs-module-wrap id=\"rev_slider_8_1_wrapper\" data-source=\"gallery\" style=\"visibility:hidden;background:transparent;padding:0;margin:0px auto;margin-top:0;margin-bottom:0;\">\n\t\t\t\t<rs-module id=\"rev_slider_8_1\" style=\"\" data-version=\"6.5.9\">\n\t\t\t\t\t<rs-slides>\n\t\t\t\t\t\t<rs-slide style=\"position: absolute;\" data-key=\"rs-25\" data-title=\"Slide\" data-in=\"o:0;\" data-out=\"a:false;\">\n\t\t\t\t\t\t\t<img loading=\"lazy\" decoding=\"async\" src=\"\/\/icami.mx\/landing\/wp-content\/plugins\/revslider\/public\/assets\/assets\/dummy.png\" title=\"bg-c-min\" width=\"1200\" height=\"400\" class=\"rev-slidebg tp-rs-img rs-lazyload\" data-lazyload=\"\/\/icami.mx\/landing\/wp-content\/uploads\/2025\/01\/bg-c-min.jpg\" data-no-retina\/>\n<!--\n\t\t\t\t\t\t\t--><rs-layer\n\t\t\t\t\t\t\t\tid=\"slider-8-slide-25-layer-0\" \n\t\t\t\t\t\t\t\tdata-type=\"image\"\n\t\t\t\t\t\t\t\tdata-rsp_ch=\"on\"\n\t\t\t\t\t\t\t\tdata-xy=\"x:c;xo:299px,250px,200px,57px;y:m;yo:5px,11px,8px,11px;\"\n\t\t\t\t\t\t\t\tdata-text=\"w:normal;s:20,16,12,7;l:0,20,16,10;\"\n\t\t\t\t\t\t\t\tdata-dim=\"w:392px,313px,250px,307px;h:210px,168px,134px,165px;\"\n\t\t\t\t\t\t\t\tdata-frame_0=\"sX:0.9;sY:0.9;\"\n\t\t\t\t\t\t\t\tdata-frame_1=\"st:1730;sp:1000;sR:1730;\"\n\t\t\t\t\t\t\t\tdata-frame_999=\"o:0;st:w;sR:6270;\"\n\t\t\t\t\t\t\t\tstyle=\"z-index:6;\"><img loading=\"lazy\" decoding=\"async\" src=\"\/\/icami.mx\/landing\/wp-content\/plugins\/revslider\/public\/assets\/assets\/dummy.png\" class=\"tp-rs-img rs-lazyload\" width=\"436\" height=\"234\" data-lazyload=\"\/\/icami.mx\/landing\/wp-content\/uploads\/2025\/01\/text-c-min.png\" data-no-retina\/> \n\t\t\t\t\t\t\t<\/rs-layer><!--\n\n\t\t\t\t\t\t\t--><rs-layer\n\t\t\t\t\t\t\t\tid=\"slider-8-slide-25-layer-1\" \n\t\t\t\t\t\t\t\tdata-type=\"image\"\n\t\t\t\t\t\t\t\tdata-rsp_ch=\"on\"\n\t\t\t\t\t\t\t\tdata-xy=\"x:r;xo:0,-133px,-106px,-50px;y:m;yo:0,-1px,0,17px;\"\n\t\t\t\t\t\t\t\tdata-text=\"w:normal;s:20,16,12,7;l:0,20,16,10;\"\n\t\t\t\t\t\t\t\tdata-dim=\"w:700px,709px,567px,487px;h:400px,405px,324px,278px;\"\n\t\t\t\t\t\t\t\tdata-frame_1=\"e:power4.inOut;st:510;sp:1200;sR:510;\"\n\t\t\t\t\t\t\t\tdata-frame_1_sfx=\"se:blocktoright;\"\n\t\t\t\t\t\t\t\tdata-frame_999=\"o:0;st:w;sR:7290;\"\n\t\t\t\t\t\t\t\tstyle=\"z-index:5;\"><img loading=\"lazy\" decoding=\"async\" src=\"\/\/icami.mx\/landing\/wp-content\/plugins\/revslider\/public\/assets\/assets\/dummy.png\" class=\"tp-rs-img rs-lazyload\" width=\"700\" height=\"400\" data-lazyload=\"\/\/icami.mx\/landing\/wp-content\/uploads\/2025\/01\/bg-graphic-2-min.png\" data-no-retina\/> \n\t\t\t\t\t\t\t<\/rs-layer><!--\n\n\t\t\t\t\t\t\t--><rs-layer\n\t\t\t\t\t\t\t\tid=\"slider-8-slide-25-layer-3\" \n\t\t\t\t\t\t\t\tdata-type=\"image\"\n\t\t\t\t\t\t\t\tdata-rsp_ch=\"on\"\n\t\t\t\t\t\t\t\tdata-xy=\"x:c;xo:-476px,-360px,-298px,153px;y:m;yo:149px,109px,116px,200px;\"\n\t\t\t\t\t\t\t\tdata-text=\"w:normal;s:20,16,12,7;l:0,20,16,10;\"\n\t\t\t\t\t\t\t\tdata-dim=\"w:167px,133px,106px,131px;h:52px,41px,32px,41px;\"\n\t\t\t\t\t\t\t\tdata-frame_0=\"y:50,40,32,20;\"\n\t\t\t\t\t\t\t\tdata-frame_1=\"st:2360;sp:1000;sR:2360;\"\n\t\t\t\t\t\t\t\tdata-frame_999=\"o:0;st:w;sR:5640;\"\n\t\t\t\t\t\t\t\tstyle=\"z-index:8;\"><img loading=\"lazy\" decoding=\"async\" src=\"\/\/icami.mx\/landing\/wp-content\/plugins\/revslider\/public\/assets\/assets\/dummy.png\" class=\"tp-rs-img rs-lazyload\" width=\"237\" height=\"74\" data-lazyload=\"\/\/icami.mx\/landing\/wp-content\/uploads\/2025\/01\/logo-icami-light-min.png\" data-no-retina\/> \n\t\t\t\t\t\t\t<\/rs-layer><!--\n-->\t\t\t\t\t\t<\/rs-slide>\n\t\t\t\t\t<\/rs-slides>\n\t\t\t\t<\/rs-module>\n\t\t\t\t<script type=\"text\/javascript\">\n\t\t\t\t\tsetREVStartSize({c: 'rev_slider_8_1',rl:[1240,1024,778,480],el:[400,300,300,480],gw:[1200,960,768,480],gh:[400,300,300,480],type:'standard',justify:'',layout:'fullwidth',mh:\"0\"});if (window.RS_MODULES!==undefined && window.RS_MODULES.modules!==undefined && window.RS_MODULES.modules[\"revslider81\"]!==undefined) {window.RS_MODULES.modules[\"revslider81\"].once = false;window.revapi8 = undefined;if (window.RS_MODULES.checkMinimal!==undefined) window.RS_MODULES.checkMinimal()}\n\t\t\t\t<\/script>\n\t\t\t<\/rs-module-wrap>\n\t\t\t<!-- END REVOLUTION SLIDER -->\n<\/div>\n<\/div><\/div>\n\n\n\n<div class=\"wp-block-zd-columns row py-4\">\n<div class=\"wp-block-zd-column col-lg-7 px-lg-3\">\n<p style=\"font-size:15px\">En ICAMI, queremos acompa\u00f1arte en la continuidad de tu formaci\u00f3n y hacer de estos retos, una experiencia de m\u00e1ximo crecimiento en tu entorno personal y profesional. Por ello, dise\u00f1amos para nuestros egresados, <strong>Continuum 2025 Nacional<\/strong>. Este programa te ayudar\u00e1 a fortalecer y a tener mejores elementos de informaci\u00f3n actual, y as\u00ed, poder aportar a tu empresa ideas innovadoras, eficaces, de trascendencia, que aporten al crecimiento y al logro de resultados.<\/p>\n\n\n\n<p style=\"font-size:15px\"><strong>Continuum 2025,<\/strong> ser\u00e1 una magn\u00edfica oportunidad para integrarte a excelentes <strong>conferencias participativas<\/strong>, hacer <strong>Networking<\/strong> con egresados de diferentes estados de la Rep\u00fablica, compartir tus experiencias y retomar el contacto con tus compa\u00f1eros de generaci\u00f3n.<\/p>\n\n\n\n<p style=\"font-size:15px\">Conoce tus beneficios como egresado <strong>Nivel ICAMI.<\/strong> \u00a1Te esperamos!<\/p>\n\n\n\n<p class=\"mb-0 has-text-color has-link-color wp-elements-552cf12429c634dc9637a2349259ca8f\" style=\"color:#c5051b;font-size:18px\"><em><strong>\u00a1Inscr\u00edbete ya<\/strong><\/em><strong>!<\/strong><\/p>\n\n\n\n<p><strong><em>Iniciamos en Febrero y marzo 2025<\/em><\/strong><\/p>\n\n\n\n<div class=\"wp-block-buttons py-3 is-layout-flex wp-block-buttons-is-layout-flex\">\n<div class=\"wp-block-button has-custom-font-size is-style-outline has-normal-font-size is-style-outline--1\"><a class=\"wp-block-button__link wp-element-button\" href=\"https:\/\/icami.mx\/landing\/wp-content\/uploads\/2024\/11\/Folleto-informativo-CONTINUUM-2025-ICAMI-V2-Interactivo-1.pdf\" style=\"border-radius:15px\" target=\"_blank\" rel=\"noreferrer noopener\">Descargar Folleto<\/a><\/div>\n<\/div>\n<\/div>\n\n\n\n<div class=\"wp-block-zd-column col-lg\">\n<h4 class=\"wp-block-heading\">Obt\u00e9n m\u00e1s informaci\u00f3n<\/h4>\n\n\n<div class=\"wrapper-zdform wrapper-zdform-3091\"><form id=\"form-3091\" class=\"zdform zdform-3091 ajax-form validate-form\" data-form-id=\"3091\" action=\"\/landing\/wp-json\/wp\/v2\/pages\/535#form-3091\" method=\"post\" enctype=\"multipart\/form-data\"><input type=\"hidden\" name=\"nonce\" value=\"1fb98cb812\" \/><input type=\"hidden\" name=\"id\" value=\"3091\" \/><!-- Go Info Post --><input type=\"hidden\" name=\"post_id\" value=\"535\" \/><input type=\"hidden\" name=\"post_name\" value=\"Continuum\" \/><input type=\"hidden\" name=\"post_url\" value=\"https:\/\/icami.mx\/landing\/continuum\/\" \/><!-- End Info Post -->\r\n\r\n<div class=\"form-group \"><input type=\"text\" name=\"full_name\" class=\"form-control\" value=\"\"  placeholder=\"Nombre Completo *\" required \/><\/div>\r\n\r\n<div class=\"form-row\">\r\n<div class=\"form-group col-lg-6\"><select name=\"state\"  class=\"custom-select form-control\"  placeholder=\"Estado *\" required><option value=\"\">Estado<\/option><option value=\"Aguascalientes\">Aguascalientes<\/option><option value=\"Baja California\">Baja California<\/option><option value=\"Baja California Sur\">Baja California Sur<\/option><option value=\"Campeche\">Campeche<\/option><option value=\"Chiapas\">Chiapas<\/option><option value=\"Chihuahua\">Chihuahua<\/option><option value=\"Coahuila\">Coahuila<\/option><option value=\"Colima\">Colima<\/option><option value=\"Ciudad de M\u00e9xico \/ CDMX\">Ciudad de M\u00e9xico \/ CDMX<\/option><option value=\"Durango\">Durango<\/option><option value=\"Estado de M\u00e9xico\">Estado de M\u00e9xico<\/option><option value=\"Guanajuato\">Guanajuato<\/option><option value=\"Guerrero\">Guerrero<\/option><option value=\"Hidalgo\">Hidalgo<\/option><option value=\"Jalisco\">Jalisco<\/option><option value=\"Michoac\u00e1n\">Michoac\u00e1n<\/option><option value=\"Morelos\">Morelos<\/option><option value=\"Nayarit\">Nayarit<\/option><option value=\"Nuevo Le\u00f3n\">Nuevo Le\u00f3n<\/option><option value=\"Oaxaca\">Oaxaca<\/option><option value=\"Quer\u00e9taro\">Quer\u00e9taro<\/option><option value=\"Quintana Roo\">Quintana Roo<\/option><option value=\"San Luis Potos\u00ed\">San Luis Potos\u00ed<\/option><option value=\"Sinaloa\">Sinaloa<\/option><option value=\"Sonora\">Sonora<\/option><option value=\"Tabasco\">Tabasco<\/option><option value=\"Tamaulipas\">Tamaulipas<\/option><option value=\"Tlaxcala\">Tlaxcala<\/option><option value=\"Veracruz\">Veracruz<\/option><option value=\"Yucat\u00e1n\">Yucat\u00e1n<\/option><option value=\"Zacatecas\">Zacatecas<\/option><\/select><\/div>\r\n<div class=\"form-group col-lg-6\"><input type=\"email\" name=\"email\" class=\"form-control\" value=\"\"  placeholder=\"Correo Electr\u00f3nico *\" required \/><\/div>\r\n<\/div>\r\n\r\n<div class=\"form-row\">\r\n<div class=\"form-group col-lg-6\"><input type=\"text\" name=\"phone\" class=\"form-control\" value=\"\"  placeholder=\"Tel\u00e9fono *\" required \/><\/div>\r\n<div class=\"form-group col-lg-6\"><input type=\"text\" name=\"cellphone\" class=\"form-control\" value=\"\"  placeholder=\"Celular\" \/><\/div>\r\n<\/div>\r\n\r\n<div class=\"form-row\">\r\n<div class=\"form-group col-lg-6\"><input type=\"text\" name=\"company\" class=\"form-control\" value=\"\"  placeholder=\"Empresa\" \/><\/div>\r\n<div class=\"form-group col-lg-6\"><input type=\"text\" name=\"position\" class=\"form-control\" value=\"\"  placeholder=\"Cargo\" \/><\/div>\r\n<\/div>\r\n\r\n<div class=\"form-row\">\r\n<div class=\"form-group col-lg-6 pl-3\"><div class=\"custom-control custom-checkbox\"><input type=\"checkbox\" name=\"00N01000000X1aq\" id=\"checkbox-00N01000000X1aq\" class=\"custom-control-input\" value=\"1\"  required\/><label class=\"custom-control-label\" for=\"checkbox-00N01000000X1aq\"><a href=\"http:\/\/icami.mx\/politica-de-privacidad\/\" target=\"_blank\">Acepto t\u00e9rminos de privacidad<\/a><\/label><\/div><label for=\"00N01000000X1aq\" class=\"error\"><\/label><\/div>\r\n<\/div>\r\n\r\n<div class=\"form-row\">\r\n<div class=\" col-lg-4 submit-wrapper\"><button type=\"submit\" id=\"submit-3091\" class=\"btn btn-primary btn-block mt-2 btn-submit\">Enviar<\/button><\/div>\r\n<\/div><\/form><div id=\"form-progress-message-3091\" class=\"form-progress\"><\/div><\/div>\n<\/div>\n<\/div>\n\n\n\n<div class=\"owl-carousel owl-theme owl-continuum mt-3 mb-0\" style=\"display: none\">\n  <div class=\"item\">\n    <h4>Programa Nacional<\/h4>\n    <ul class=\"list-program\">\n      <li data-toggle=\"tooltip\" data-placement=\"top\" title=\"Agregar a Formulario\" data-program=\"Programa Nacional - Full Online 15 de Enero\">\n        <h6>Full Online<\/h6>\n        <div class=\"item-circle\">\n          <div class=\"p-center-center\">\n            <div class=\"date-day\">15<\/div>\n            <div class=\"date-month\">Enero<\/div>\n          <\/div>\n        <\/div>\n      <\/li>\n    <\/ul>\n  <\/div>\n<div class=\"item\">\n    <h4>Programa Nacional<\/h4>\n    <ul class=\"list-program\">\n      <li data-toggle=\"tooltip\" data-placement=\"top\" title=\"Agregar a Formulario\" data-program=\"Programa Nacional - Full Online 16 de Enero\">\n        <h6>Full Online<\/h6>\n        <div class=\"item-circle\">\n          <div class=\"p-center-center\">\n            <div class=\"date-day\">16<\/div>\n            <div class=\"date-month\">Enero<\/div>\n          <\/div>\n        <\/div>\n      <\/li>\n    <\/ul>\n  <\/div>\n<\/div>\n","protected":false},"excerpt":{"rendered":"<p>Programa Nacional Full Online 15 Enero Programa Nacional Full Online 16 Enero<\/p>\n","protected":false},"author":1,"featured_media":0,"parent":0,"menu_order":0,"comment_status":"closed","ping_status":"closed","template":"","meta":{"_joinchat":[],"footnotes":""},"class_list":["post-535","page","type-page","status-publish","hentry"],"yoast_head":"<!-- This site is optimized with the Yoast SEO plugin v26.8 - https:\/\/yoast.com\/product\/yoast-seo-wordpress\/ -->\n<title>Continuum - ICAMI<\/title>\n<meta name=\"robots\" content=\"index, follow, max-snippet:-1, max-image-preview:large, max-video-preview:-1\" \/>\n<link rel=\"canonical\" href=\"https:\/\/icami.mx\/landing\/continuum\/\" \/>\n<meta property=\"og:locale\" content=\"es_ES\" \/>\n<meta property=\"og:type\" content=\"article\" \/>\n<meta property=\"og:title\" content=\"Continuum - ICAMI\" \/>\n<meta property=\"og:description\" content=\"Programa Nacional Full Online 15 Enero Programa Nacional Full Online 16 Enero\" \/>\n<meta property=\"og:url\" content=\"https:\/\/icami.mx\/landing\/continuum\/\" \/>\n<meta property=\"og:site_name\" content=\"ICAMI\" \/>\n<meta property=\"article:modified_time\" content=\"2025-01-14T02:10:38+00:00\" \/>\n<meta name=\"twitter:card\" content=\"summary_large_image\" \/>\n<meta name=\"twitter:label1\" content=\"Tiempo de lectura\" \/>\n\t<meta name=\"twitter:data1\" content=\"1 minuto\" \/>\n<script type=\"application\/ld+json\" class=\"yoast-schema-graph\">{\"@context\":\"https:\/\/schema.org\",\"@graph\":[{\"@type\":\"WebPage\",\"@id\":\"https:\/\/icami.mx\/landing\/continuum\/\",\"url\":\"https:\/\/icami.mx\/landing\/continuum\/\",\"name\":\"Continuum - ICAMI\",\"isPartOf\":{\"@id\":\"https:\/\/icami.mx\/landing\/#website\"},\"datePublished\":\"2019-12-03T18:05:36+00:00\",\"dateModified\":\"2025-01-14T02:10:38+00:00\",\"breadcrumb\":{\"@id\":\"https:\/\/icami.mx\/landing\/continuum\/#breadcrumb\"},\"inLanguage\":\"es\",\"potentialAction\":[{\"@type\":\"ReadAction\",\"target\":[\"https:\/\/icami.mx\/landing\/continuum\/\"]}]},{\"@type\":\"BreadcrumbList\",\"@id\":\"https:\/\/icami.mx\/landing\/continuum\/#breadcrumb\",\"itemListElement\":[{\"@type\":\"ListItem\",\"position\":1,\"name\":\"Portada\",\"item\":\"https:\/\/icami.mx\/landing\/\"},{\"@type\":\"ListItem\",\"position\":2,\"name\":\"Continuum\"}]},{\"@type\":\"WebSite\",\"@id\":\"https:\/\/icami.mx\/landing\/#website\",\"url\":\"https:\/\/icami.mx\/landing\/\",\"name\":\"ICAMI\",\"description\":\"Landings de Regiones\",\"potentialAction\":[{\"@type\":\"SearchAction\",\"target\":{\"@type\":\"EntryPoint\",\"urlTemplate\":\"https:\/\/icami.mx\/landing\/?s={search_term_string}\"},\"query-input\":{\"@type\":\"PropertyValueSpecification\",\"valueRequired\":true,\"valueName\":\"search_term_string\"}}],\"inLanguage\":\"es\"}]}<\/script>\n<!-- \/ Yoast SEO plugin. -->","yoast_head_json":{"title":"Continuum - ICAMI","robots":{"index":"index","follow":"follow","max-snippet":"max-snippet:-1","max-image-preview":"max-image-preview:large","max-video-preview":"max-video-preview:-1"},"canonical":"https:\/\/icami.mx\/landing\/continuum\/","og_locale":"es_ES","og_type":"article","og_title":"Continuum - ICAMI","og_description":"Programa Nacional Full Online 15 Enero Programa Nacional Full Online 16 Enero","og_url":"https:\/\/icami.mx\/landing\/continuum\/","og_site_name":"ICAMI","article_modified_time":"2025-01-14T02:10:38+00:00","twitter_card":"summary_large_image","twitter_misc":{"Tiempo de lectura":"1 minuto"},"schema":{"@context":"https:\/\/schema.org","@graph":[{"@type":"WebPage","@id":"https:\/\/icami.mx\/landing\/continuum\/","url":"https:\/\/icami.mx\/landing\/continuum\/","name":"Continuum - ICAMI","isPartOf":{"@id":"https:\/\/icami.mx\/landing\/#website"},"datePublished":"2019-12-03T18:05:36+00:00","dateModified":"2025-01-14T02:10:38+00:00","breadcrumb":{"@id":"https:\/\/icami.mx\/landing\/continuum\/#breadcrumb"},"inLanguage":"es","potentialAction":[{"@type":"ReadAction","target":["https:\/\/icami.mx\/landing\/continuum\/"]}]},{"@type":"BreadcrumbList","@id":"https:\/\/icami.mx\/landing\/continuum\/#breadcrumb","itemListElement":[{"@type":"ListItem","position":1,"name":"Portada","item":"https:\/\/icami.mx\/landing\/"},{"@type":"ListItem","position":2,"name":"Continuum"}]},{"@type":"WebSite","@id":"https:\/\/icami.mx\/landing\/#website","url":"https:\/\/icami.mx\/landing\/","name":"ICAMI","description":"Landings de Regiones","potentialAction":[{"@type":"SearchAction","target":{"@type":"EntryPoint","urlTemplate":"https:\/\/icami.mx\/landing\/?s={search_term_string}"},"query-input":{"@type":"PropertyValueSpecification","valueRequired":true,"valueName":"search_term_string"}}],"inLanguage":"es"}]}},"_links":{"self":[{"href":"https:\/\/icami.mx\/landing\/wp-json\/wp\/v2\/pages\/535","targetHints":{"allow":["GET"]}}],"collection":[{"href":"https:\/\/icami.mx\/landing\/wp-json\/wp\/v2\/pages"}],"about":[{"href":"https:\/\/icami.mx\/landing\/wp-json\/wp\/v2\/types\/page"}],"author":[{"embeddable":true,"href":"https:\/\/icami.mx\/landing\/wp-json\/wp\/v2\/users\/1"}],"replies":[{"embeddable":true,"href":"https:\/\/icami.mx\/landing\/wp-json\/wp\/v2\/comments?post=535"}],"version-history":[{"count":90,"href":"https:\/\/icami.mx\/landing\/wp-json\/wp\/v2\/pages\/535\/revisions"}],"predecessor-version":[{"id":3105,"href":"https:\/\/icami.mx\/landing\/wp-json\/wp\/v2\/pages\/535\/revisions\/3105"}],"wp:attachment":[{"href":"https:\/\/icami.mx\/landing\/wp-json\/wp\/v2\/media?parent=535"}],"curies":[{"name":"wp","href":"https:\/\/api.w.org\/{rel}","templated":true}]}}